{"id":54,"date":"2012-09-25T22:23:23","date_gmt":"2012-09-25T20:23:23","guid":{"rendered":"http:\/\/www.almik.com\/nautica\/?page_id=54"},"modified":"2017-08-09T09:59:59","modified_gmt":"2017-08-09T07:59:59","slug":"examen-per","status":"publish","type":"page","link":"https:\/\/www.almik.com\/nautica\/el-examen\/examen-per\/","title":{"rendered":"Recomendaciones para el examen"},"content":{"rendered":"Asegurate que llevas el material necesario:<br>\r\n&#8211; Bol\u00edgrafo de color Azul o Negro<br>\r\n&#8211; Comp\u00e1s<br>\r\n&#8211; Lapicero o Portaminas<br>\r\n&#8211; No se admiten m\u00e1quinas calculadoras<br>\r\n&#8211; Paralelas<br>\r\n&#8211; Reglas<br>\r\n&#8211; Transportador<br>","protected":false},"excerpt":{"rendered":"<p>Asegurate que llevas el material necesario: &#8211; Bol\u00edgrafo de color Azul o Negro &#8211; Comp\u00e1s &#8211; Lapicero o Portaminas &#8211; No se admiten m\u00e1quinas calculadoras &#8211; Paralelas &#8211; Reglas &#8211; Transportador<\/p>\n","protected":false},"author":1,"featured_media":0,"parent":148,"menu_order":0,"comment_status":"open","ping_status":"closed","template":"","meta":{"footnotes":""},"class_list":["post-54","page","type-page","status-publish","hentry"],"_links":{"self":[{"href":"https:\/\/www.almik.com\/nautica\/wp-json\/wp\/v2\/pages\/54","targetHints":{"allow":["GET"]}}],"collection":[{"href":"https:\/\/www.almik.com\/nautica\/wp-json\/wp\/v2\/pages"}],"about":[{"href":"https:\/\/www.almik.com\/nautica\/wp-json\/wp\/v2\/types\/page"}],"author":[{"embeddable":true,"href":"https:\/\/www.almik.com\/nautica\/wp-json\/wp\/v2\/users\/1"}],"replies":[{"embeddable":true,"href":"https:\/\/www.almik.com\/nautica\/wp-json\/wp\/v2\/comments?post=54"}],"version-history":[{"count":10,"href":"https:\/\/www.almik.com\/nautica\/wp-json\/wp\/v2\/pages\/54\/revisions"}],"predecessor-version":[{"id":1281,"href":"https:\/\/www.almik.com\/nautica\/wp-json\/wp\/v2\/pages\/54\/revisions\/1281"}],"up":[{"embeddable":true,"href":"https:\/\/www.almik.com\/nautica\/wp-json\/wp\/v2\/pages\/148"}],"wp:attachment":[{"href":"https:\/\/www.almik.com\/nautica\/wp-json\/wp\/v2\/media?parent=54"}],"curies":[{"name":"wp","href":"https:\/\/api.w.org\/{rel}","templated":true}]}}